p - 6 = 6. What is the greatest common divisor of 30 and p?
3
Let d(k) = -k**2 - 6*k - 6. Let l be ((-3)/2 - 1)*2. Let s be d(l). Let h(a) = -20*a + 1. Let b be h(s). What is the greatest common divisor of b and 3?
3
Suppose c = 4*c - 9. Let k(r) = -r + 3. Let b be k(0). Calculate the highest common divisor of c and b.
3
Let h = -65 + 85. Suppose -3*p - 5*w = -150, w = 2*p + 3*w - 100. Calculate the highest common factor of p and h.
10
Let n = 33 + -30. Calculate the highest common factor of n and 6.
3
Suppose -4*q + 0*q - 5*b - 11 = 0, -5*q - 3*b = 4. Calculate the greatest common divisor of q and 9.
1
Let y = -194 + 105. Let m be 2*y/(-1) - 2. Calculate the highest common divisor of m and 16.
16
Suppose -4*s = -9*s + 40. What is the highest common factor of s and 56?
8
Let k = -10 + 17. Suppose 57 = d - 3*y, 2*y - 38 = -d - 6. What is the highest common divisor of d and k?
7
Let r(o) = o**3 - 3*o**2 + o + 1. Suppose -h = -3*y - 3, 5 + 4 = 3*h - y. Let g be r(h). Suppose m - 4*m = -24. What is the greatest common factor of g and m?
4
Suppose 0 = -a + 2*a - 26. What is the highest common factor of 39 and a?
13
Let p be 3/(-15) - (-2298)/15. What is the greatest common factor of p and 17?
17
Let p = -22 - -49. Calculate the highest common divisor of 27 and p.
27
Suppose 0 = -4*s + 39 + 13. Calculate the highest common divisor of 13 and s.
13
Let c(x) = -x**3 - 8*x**2 - 2*x - 11. Let m be c(-8). Calculate the highest common divisor of m and 5.
5
Suppose -5*a + 314 = 39. What is the greatest common factor of 11 and a?
11
Let p be (32 + 0)*1/(-2). Let h = 31 + p. Calculate the highest common divisor of 45 and h.
15
Suppose -81 - 179 = -4*x. What is the highest common factor of 26 and x?
13
Let h(z) = -9*z**3 - 2*z**2 - z - 2. Let g be h(-4). Let s = -378 + g. Calculate the greatest common divisor of 21 and s.
21
Let l be (-1 + -33)*2/(-4). What is the greatest common factor of 34 and l?
17
Let y(r) = r**2 - r - 1. Let d be y(3). Let f be d*(-11)/(-1 + 0). What is the highest common factor of f and 11?
11
Let h = -237 - -345. Calculate the greatest common divisor of 12 and h.
12
Suppose 3*n + 10 = -4*j, 4*n - 4*j - 15 = 9. Suppose 74 = 3*s + 2*d + n*d, d = 5*s - 85. What is the highest common factor of 12 and s?
6
Suppose 4*g - 15 - 25 = 0. Calculate the greatest common divisor of 10 and g.
10
Let g be (-4)/(-3)*27/2. Let k(r) = 41*r**2 + r. Let d be k(-2). Calculate the greatest common factor of g and d.
18
Suppose 3*s - 321 = -3*a, s + 161 - 60 = a. Calculate the highest common divisor of a and 13.
13
Suppose -2 = p - 5. Let a = 7 - p. Suppose -d + 36 = a*h, d = -d - 8. What is the highest common divisor of h and 60?
10
Let h(l) = -l**2 + 10*l + 3. Let s = 1 + 2. Suppose 2*r = -s*r + 4*z + 70, -4*r + 5*z = -65. Let b be h(r). What is the greatest common divisor of 3 and b?
3
Let j(d) = -d**3 - 8*d**2 - d + 3. Let l be j(-8). Let f(w) = w**3 + 2*w**2 + 1. Let c be f(-2). Calculate the greatest common factor of l and c.
1
Let l = -33 - -54. Let r(b) = -115*b + 1. Let s be r(-2). What is the greatest common divisor of s and l?
21
Let b(z) = -5*z + 1. Let i be b(-1). Let t be 27 - (6/(-2))/1. Calculate the highest common divisor of i and t.
6
Let b be ((-2)/(-5))/(312/(-45) + 7). What is the highest common divisor of b and 12?
6
Let s(o) = -o. Let a(q) = -q + 2. Let w(f) = a(f) - 6*s(f). Suppose 3*l - 6 = 2*l. Let x be w(l). What is the highest common factor of x and 4?
4
Let t(u) = u**3 + 16*u**2 - 2*u - 27. Let m be t(-16). Suppose -y + 92 = 4*y - 4*i, 0 = 5*i - 10. What is the greatest common divisor of m and y?
5
Let r = 29 - 20. Let d = r + 3. What is the highest common factor of 132 and d?
12
Let f(l) = 5*l**2 - l - 2. Suppose 2*i + 3*x - 1 = 8, 4*x = -5*i + 19. Let r be f(i). Calculate the greatest common factor of 10 and r.
10
Suppose d - 6*d + 20 = 0. What is the highest common divisor of 4 and d?
4
Let t = 69 + -35. What is the greatest common divisor of 17 and t?
17
Let p(d) = -d**3 - 11*d**2 - 12*d - 13. Let o be p(-10). Calculate the highest common divisor of o and 42.
7
Let o = 27 - 24. What is the highest common divisor of o and 24?
3
Let d(h) = h**2 + 7*h + 18. Let b be d(-7). Let n = 21 - b. Suppose 5*i - 17 = -s, s + 2*s = 2*i. Calculate the highest common factor of n and i.
3
Suppose 0 = g + g - 16. Suppose 0 = -c - 2*m + 5*m + g, 5*c - 2*m = 14. Suppose 12 = c*d + 2*d. What is the highest common factor of d and 9?
3
Let u(s) = 99*s**3 + 3*s**2 - 3*s. Let q be u(1). Calculate the greatest common factor of 33 and q.
33
Suppose -g - 2*q + 6*q + 187 = 0, -2*q = -5*g + 899. Suppose 67 - g = -4*r. Let c be 0 - ((-12)/(-1))/(-3). Calculate the highest common divisor of c and r.
4
Suppose n + 4*u = -n - 46, -5*n - 106 = u. Let f = -5 - n. Let g(x) = -x**2 - 13*x + 10. Let m be g(-10). What is the greatest common factor of m and f?
8
Let l(i) = 40*i**3 + i - 1. Let d(j) = -j**3 + 5*j**2 - 4*j + 1. Let t be d(4). Let k be l(t). What is the highest common factor of 8 and k?
8
Suppose -2*w = -3*r - w + 47, 0 = 4*w - 4. Calculate the highest common factor of 2 and r.
2
Let x = -9 - -108. What is the greatest common factor of x and 11?
11
Let j = -45 - -115. What is the greatest common divisor of 28 and j?
14
Let r(b) = -b**2 + 5*b + 1. Let t be r(3). Calculate the highest common factor of t and 77.
7
Let r = 11 - 3. Calculate the greatest common divisor of r and 72.
8
Let g be 2 + 1*-7 - -1. Let n = g + 4. Suppose 0 = 3*u - 2*p - 28, n = u - 3*u + 2*p + 16. Calculate the highest common divisor of 60 and u.
12
Suppose 0 = -3*y - y + 36. Let p be y/(-2)*(-30)/9. What is the greatest common divisor of p and 3?
3
Let u be (108/(-16))/(9/(-168)). Calculate the greatest common divisor of u and 14.
14
Suppose 3*z - 50 = 16. Calculate the highest common divisor of z and 55.
11
Suppose 0*t = -4*t - 4, -t = 3*n - 8. Suppose n*y - 4*y + 66 = 0. What is the greatest common factor of y and 22?
22
Suppose -2*y - 18 = -60. Calculate the highest common factor of y and 231.
21
Let z(r) = r + 7. Let d be z(-5). Let y be -8 + 1 + (d - 3). Let a = y + 19. What is the greatest common divisor of a and 88?
11
Let a be 3/(-24)*-4*4. What is the greatest common divisor of a and 1?
1
Suppose -r = 2*q, -2*r = -6*q + 3*q. Suppose 3*i + 26 = -2*n + 80, q = -2*i + n + 36. What is the highest common divisor of i and 2?
2
Let c(y) = y**2 - 7*y + 2. Let q be c(8). Let v be 1/(-2) - (-148)/(-8). Let u = 11 - v. What is the greatest common factor of q and u?
10
Suppose 96 = 5*n + 3*h - 13, 0 = 4*n + 2*h - 86. Calculate the greatest common divisor of n and 8.
4
Let f(h) = -13*h - 5. Let w be f(-9). Calculate the highest common divisor of w and 28.
28
Let v(n) = 2*n + 6. Suppose 2*z = s - 4*s + 22, 0 = -2*s - 5*z + 33. Suppose -s*i + 2*i = -12. Let f be v(i). Calculate the greatest common divisor of f and 36.
18
Suppose 0 = 4*a - 0*a. Let f be 0 - (-110 + (-2 - a)). What is the highest common factor of f and 14?
14
Suppose 0 = 3*i - 5*i + 10, c + 3*i - 21 = 0. Calculate the highest common factor of 9 and c.
3
Suppose 0 = -5*i + 183 - 3. Let k be 22/5 - 6/15. Calculate the highest common factor of i and k.
4
Let j(u) = 2*u**2 - 9*u + u - 3 + 10*u. Let m be j(2). Calculate the highest common divisor of m and 9.
9
Suppose 5*g - 27 - 18 = 0. Calculate the greatest common divisor of g and 12.
3
Suppose 4*u - 124 = 9*b - 5*b, 2*u + 2*b - 66 = 0. Calculate the highest common divisor of 352 and u.
32
Let n(a) = a - 1. Let w be n(6). Let p = w - 3. Suppose 30 = p*d - 10. What is the highest common factor of 30 and d?
10
Let b(j) = -j**3 - 5*j**2 - 4*j + 12. Let z be b(-5). What is the greatest common factor of 4 and z?
4
Let c = 115 + -71. Calculate the greatest common divisor of c and 4.
4
Suppose 50 = 3*p + 2*p. Suppose 0 = -0*r + 2*r - p. Suppose -2*i = -5*y - 135, -r*i + 84 = -y - 219. What is the highest common divisor of 12 and i?
12
Let c = 35 + -20. Calculate the highest common divisor of c and 6.
3
Suppose 3*m = -0*m. Suppose m = 3*h - 0*h - 105. Calculate the greatest common divisor of h and 7.
7
Suppose -88 = -6*c + 290. Let n be -1 - (-3)/(-3)*-2. Let m be ((-7)/(-2))/(n/2). What is the greatest common factor of m and c?
7
Let l = -66 + 40. Let q be l/117 + (-1876)/(-18).